14
Suppose -m = 2*i - 15, -4*m + 3*i = m - 23. What is the highest common divisor of m and 28?
7
Let a(d) = 2*d + 3. Let n = -16 + 20. Let s be a(n). Calculate the greatest common factor of 99 and s.
11
Let c(q) = -22*q. Let x be c(-1). What is the highest common factor of x and 154?
22
Let d(t) = -t**3 + 35*t**2 - 31*t - 72. Let w be d(34). What is the highest common factor of w and 10?
10
Let m be (70/14)/(2 + -1). Suppose -225 = -0*o - m*o. Calculate the greatest common factor of 5 and o.
5
Suppose -6 = -b + 10. Suppose -b = -2*n + 6*n. Let x be n/(0 + (-1)/2). What is the highest common divisor of 24 and x?
8
Let t(z) = -z**3 + z + 9. Let h be t(0). Let u(m) = 2*m**2 - 11*m - 3. Let k be u(h). What is the highest common divisor of 24 and k?
12
Let d be 13/((-26)/(-576))*1/2. Calculate the highest common factor of d and 24.
24
Suppose -o = 3*r - 5*o - 73, -5*o + 18 = r. Calculate the highest common factor of r and 161.
23
Suppose 4*x = 3*s + 10, -18 = -2*x - 7*s + 2*s. Suppose x*m = 79 + 33. Let f = 11 + -7. What is the highest common divisor of m and f?
4
Let f(k) = 3*k**2 + k + 1. Let a be f(-3). Suppose 2*p = -0 + 8. Let m be p/14 - (-231)/49. What is the highest common factor of a and m?
5
Let x(z) = 3*z - 8. Let a be x(4). Suppose -40 = -3*k - 5*r + 105, -172 = -a*k + 4*r. Calculate the greatest common factor of k and 5.
5
Suppose l + 0*l - 160 = 0. Let q be l/(-15)*-1*9. What is the highest common factor of q and 12?
12
Let a(n) = n**2 + n + 243. Let k be a(0). Calculate the greatest common factor of 27 and k.
27
Suppose 0 = h + t - 6, 5*h - 13*t = -10*t + 38. Let d be (-394)/(-7) - (-2)/(-7). Calculate the highest common divisor of h and d.
7
Let a(y) be the first derivative of -2*y**2 - 5*y - 2. Let g be a(-2). Let u = 4 - 2. What is the highest common divisor of u and g?
1
Let b = 13 - 9. Suppose -b*d + 158 = -38. What is the highest common divisor of d and 7?
7
Let k(o) = -13*o + 4. Let s be k(-2). Calculate the highest common divisor of s and 75.
15
Suppose 4*t - 23 = -5*q, 3*t = 2*q + 3*q + 61. Suppose 0 = -t*o + 15*o - 117. What is the greatest common factor of 13 and o?
13
Suppose -2*m + 5*m - 6 = 0. Let q be m + 17*(1 + 0). Let z = q - 8. What is the highest common divisor of 55 and z?
11
Let q(h) = 4*h - 4. Let x be 3/(2/(-8)*-3). Let p be q(x). Calculate the highest common factor of p and 12.
12
Let h(m) = m**2 + m - 4. Let f be h(-4). Let c = f - -10. Calculate the highest common divisor of 12 and c.
6
Suppose -9*l + 37 + 179 = 0. What is the highest common factor of 3 and l?
3
Let w = -5 + 7. Suppose 0 = w*k + 3*k - 70. Let h = k - 4. Calculate the highest common factor of h and 20.
10
Let a be 18/24*(-24)/(-9). What is the greatest common divisor of 4 and a?
2
Suppose -3*m + 7 = 4. Let o be (-5)/((2 + -1)*-1). Let n = m + o. Calculate the greatest common factor of 48 and n.
6
Let g(o) = -22*o**3 - 1 + 2 + 0 - o + 56*o**3 - o**2. Let k be g(1). Calculate the highest common factor of k and 11.
11
Let k(i) = 3*i. Let b be k(2). Let n(r) = r**2 - r - 5. Let p be n(-5). Let g = 43 - p. What is the highest common divisor of g and b?
6
Suppose -z = 4*z. Suppose z*v = v - 4. Calculate the highest common factor of v and 16.
4
Suppose -2*z + 84 = 2*z. Let o = 11 - z. Let s be (-195)/(-25) - 2/o. Calculate the greatest common divisor of 24 and s.
8
Let u = 281 - 181. Calculate the highest common factor of u and 40.
20
Suppose 73 = -6*b + 79. What is the greatest common factor of 4 and b?
1
Suppose 4*a - 2*a = 184. Calculate the highest common factor of a and 23.
23
Suppose 2*n - 25 = -3*w, w + 4*n - 9 - 16 = 0. Let m(j) = j**3 - 2*j**2 - 3*j + 4. Let g be m(w). What is the greatest common factor of g and 8?
8
Let j = -957 + 1349. What is the highest common divisor of j and 49?
49
Let r = 82 + -27. Calculate the highest common factor of 11 and r.
11
Let r be ((-45)/(-2))/(3/30). Calculate the greatest common factor of 45 and r.
45
Let h = 21 + -14. Let f(d) = d - 2. Let q be f(h). Calculate the greatest common divisor of 5 and q.
5
Suppose -j = -3*j - 2. Let m be 86/8 - j/4. Suppose -1 = z - m. What is the greatest common factor of z and 10?
10
Suppose 0 = -4*f + 4*g - g + 24, -4*g - 31 = -5*f. Suppose f*u = -0*u + 9. Calculate the greatest common factor of u and 27.
3
Suppose 5*x + 66 - 1276 = 0. Calculate the highest common factor of x and 22.
22
Suppose -l + 22 = 3*w - 3*l, 0 = w + 3*l. What is the highest common divisor of w and 8?
2
Suppose -4*n - f + 391 = -6*f, 0 = n - 3*f - 89. Calculate the greatest common factor of 13 and n.
13
Let z be (-2)/(-3) + 412/12. Let d = -19 + z. Let a = 55 + -51. What is the highest common divisor of d and a?
4
Suppose -5*a - 17 = 48. Let b = a - -27. Suppose 0 = 4*m - 38 - 18. What is the highest common factor of b and m?
14
Suppose 190 = 4*y + y. Suppose 5*r - 4*w = 277, r - 2*w = 3*w + 47. What is the greatest common divisor of y and r?
19
Suppose -3*x + 133 = -k, -5*k - 3 + 13 = 0. Let f(b) = -b**3 - 2*b**2 + b - 1. Let w be f(-3). What is the highest common factor of x and w?
5
Suppose 5*j = -y + 11, 2*y - 12 = -3*j - 4. Let i be (-5)/(5/(-2))*y. Suppose -4 = i*c - 22. What is the greatest common divisor of c and 18?
9
Let b(x) = x + 19. Let f be b(-11). Let y = 1 - 1. Suppose y*j + 32 = 2*j. What is the highest common divisor of j and f?
8
Let d(t) = 6*t**2 + t**3 + 0*t**3 - t - 2*t. Let n be d(-6). Let m(g) = 7*g - 3. Let k be m(3). Calculate the highest common divisor of n and k.
18
Let i = 66 + -44. Let l = 216 - 62. What is the greatest common factor of l and i?
22
Suppose 0 = -3*l - 56 + 152. What is the greatest common factor of l and 4?
4
Suppose 7*t + 10 = 2*t. Let d be t/4 - 33/(-6). Suppose 10*y - 25 = d*y. Calculate the greatest common divisor of y and 25.
5
Suppose 30 = 2*w - 18. Suppose -3*t - 27 = 4*q - 239, t + q = 71. What is the highest common factor of w and t?
24
Suppose 0 = 3*r - 6*r + 21. Let k(h) = h**3 + 2*h**2 + h + 14. Let l be k(0). What is the greatest common divisor of r and l?
7
Let l(v) = -v**2 - 9*v - 16. Let c be l(-5). What is the highest common factor of c and 4?
4
Suppose 0 = -2*x + 6*x - 32. Calculate the highest common divisor of 56 and x.
8
Suppose 3*r = 3*j + 12, 2*j - 17 = 4*r - 7*r. Calculate the greatest common factor of 15 and r.
5
Let d = -57 + 65. Calculate the greatest common factor of d and 2.
2
Let r = 138 - 54. Let n(g) = -g**3 - 3*g**2 + 4*g - 5. Let c be n(-5). Suppose -3*v = -c - 11. Calculate the highest common factor of r and v.
12
Let x(v) = -14*v**3 + 2*v**2 - 3*v - 4. Let y be x(-1). Let r be 1/(-3) + (-52)/(-12). Let a be (-160)/6*(-9)/r. What is the greatest common divisor of a and y?
15
Suppose 2*f + 3*s + 8 = 3*f, 4*f = 2*s + 82. Let v(i) = 70*i - 1. Let z = -2 - -3. Let k be v(z). What is the highest common divisor of k and f?
23
Let j be 1/6 + (-106)/(-12). Let d(a) = a - 6. Let v be d(j). What is the greatest common divisor of v and 24?
3
Suppose -104 = -5*m + 3*j - 7*j, 3*j = -m + 23. Calculate the highest common divisor of m and 20.
20
Let j(r) = 31*r + 10. Let h be j(6). Calculate the greatest common factor of 28 and h.
28
Let x be -4*15*(-3)/12. Let k = 2 + 13. Calculate the greatest common factor of x and k.
15
Let p(o) = o**2 + 5*o - 5. Let i(h) = -3*h**2 - 10*h + 11. Let n(x) = -2*i(x) - 5*p(x). Let g be n(6). What is the greatest common divisor of g and 1?
1
Suppose 6*d = d + 20. Suppose 0 = 3*y - 2*z - 28, -32 - 8 = -4*y + d*z. What is the highest common divisor of 32 and y?
8
Suppose c = 4*s - 1003, 4*s - 3*c + 4*c - 1013 = 0. Calculate the greatest common factor of s and 21.
21
Let w be (8/(-16))/(2/(-24)). What is the greatest common factor of w and 6?
6
Suppose 0 = 8*u - 32 - 688. What is the highest common factor of u and 10?
10
Let t be -1*14*(-36)/8. Let j = -18 + t. Suppose -6*m + 18 + 72 = 0. Calculate the highest common divisor of j and m.
15
Let c(w) = -9*w. Suppose -3*p = -4*a + 12, 2*p = -2*p - 3*a + 9. Let t be p + 1 - (8 + 0). Let b be c(t). Calculate the greatest common divisor of 7 and b.
7
Let f be 22/8 + 6/24. Let v be (2/f)/((-5)/(-75)). What is the greatest common divisor of v and 40?
10
Suppose -3*c = -d + 1, 4*d + 2*c = -0*d - 10. Let v be (-1 - -5)/d - -7. Suppose 0 = v*r - 12 - 3. What is